1. Let z be h(r). Calculate the greatest common divisor of 11 and z.
11
Suppose w + 55 = -i, -5*i + 3*w - 363 = -72. Let q = -30 - i. Calculate the greatest common factor of q and 18.
9
Let w(m) = 9*m**2. Let o be w(-1). Suppose 0 = 3*u + o, -4*g + 63 = 2*u - 7*u. What is the greatest common factor of g and 24?
12
Let o(z) = -11*z - 12. Let p be o(-6). What is the greatest common factor of 6 and p?
6
Let i(r) = -r**3 + 2*r**2 - 2*r + 1. Let b be i(2). Let q be (-2)/b*252/6. Calculate the highest common divisor of 42 and q.
14
Suppose -2*a + 5*a - 96 = 0. What is the highest common divisor of 8 and a?
8
Suppose 16 = 3*c - 7*c. Let n = 7 - c. Let s be 30 + ((-46)/(-14) - (-10)/(-35)). What is the highest common factor of n and s?
11
Let v = -114 - -154. Let n be (16/6)/(2/6). What is the highest common factor of v and n?
8
Let d(h) = h**3 - 10*h**2 + 2*h + 36. Let a be d(10). What is the greatest common factor of a and 140?
28
Suppose -3 = q - 2*q. Let z(o) = o**3 + 2*o**2 - 3*o. Let u be z(q). Calculate the greatest common divisor of 4 and u.
4
Suppose -2*m + 54 = -2*g, -3*m - g + 141 = 2*m. What is the highest common divisor of 70 and m?
14
Let b be (7 + 4/(-4))*1. What is the greatest common divisor of b and 18?
6
Let i(b) = b**3 - 4*b**2 + 2*b + 1. Let x be i(3). Let k be (-3)/1*2/x. What is the highest common factor of k and 1?
1
Let t be 3 + (-4 - 2) + 91. Calculate the greatest common factor of 11 and t.
11
Let z be 0 + -2 + 0 + 23. Let m be (z/(-6))/(-7)*36. Calculate the greatest common factor of m and 54.
18
Let x = 152 - 121. Calculate the highest common factor of 248 and x.
31
Let u be ((-1)/(-3) + 2)*-6. Let n be (-4)/u - 18/14. Let c be 2 - n*(-58)/(-1). What is the greatest common factor of c and 12?
12
Suppose -y - 3 = -4*y. Let n be (0 - -2) + 0 + y. Suppose s - n*s = -90. Calculate the greatest common factor of s and 15.
15
Suppose 0 = 729*p - 723*p - 1452. Suppose 23 = m + 1. Calculate the highest common divisor of m and p.
22
Let b = 27 - -18. Suppose 5*u + 2*t = -b, 6*u - 2*t = 4*u - 18. Let g be ((-30)/4)/(u/12). Calculate the greatest common divisor of g and 70.
10
Suppose 4*y + 0 = 36. What is the greatest common divisor of 18 and y?
9
Let q(k) = 13*k**2 - 5*k + 2. Let v be q(3). What is the highest common divisor of v and 78?
26
Suppose 5*w = 2*z + 25 - 59, 0 = -3*z + w + 64. What is the greatest common divisor of z and 2?
2
Suppose 4*m = 451 - 59. Let g(r) = -r**2 - 14*r + 1. Let u be g(-13). What is the highest common factor of m and u?
14
Suppose 0 = -b + 4*b - 4*p - 67, -4*b = 2*p - 82. Let i = -13 + b. Calculate the greatest common divisor of 24 and i.
8
Suppose 22 + 48 = 5*j. Let w = 22 - j. Calculate the highest common divisor of 8 and w.
8
Let a = -151 + 529. Calculate the greatest common factor of a and 54.
54
Let d = 30 + -21. Let h = 31 + d. Calculate the greatest common factor of h and 10.
10
Let h = -53 - -70. What is the greatest common divisor of 17 and h?
17
Let i = 86 + -70. Calculate the greatest common divisor of 48 and i.
16
Let l(m) be the second derivative of m**4/6 + 3*m**3/2 + m**2/2 - 3*m. Let t be l(-6). Let k = t + 11. What is the greatest common factor of 12 and k?
6
Suppose 65 = 3*j + 2*j. Let y = j + -3. Let s = 72 - 22. Calculate the greatest common divisor of s and y.
10
Let b be (-18 + (0 - -2))/((-2)/4). Calculate the highest common divisor of b and 80.
16
Let p be 1/1 - (-20)/1. Let c = -4 + 8. Let w be c/14 + 141/p. What is the greatest common divisor of w and 56?
7
Let p = -13 - -45. Suppose 4*c - 2 = 6. Suppose 32 = 2*x + c*x. What is the highest common divisor of x and p?
8
Suppose -7*u + 57 = -4*u. Calculate the highest common factor of u and 38.
19
Suppose 4*n + 0*n = -2*d + 24, -3*d = 2*n - 8. Let y = n + 17. What is the highest common divisor of 192 and y?
24
Suppose 0 = -0*n + 5*n - 360. Calculate the greatest common factor of 9 and n.
9
Suppose -p = -0*p + 39. Let k = -28 - p. Calculate the highest common divisor of 88 and k.
11
Let q(m) = m**3 - m**2 + m + 6. Let x be q(0). Calculate the greatest common factor of x and 6.
6
Let t be (-15)/3 + (45 - 1). What is the greatest common divisor of t and 26?
13
Let i be 201/12 + 2/8. Suppose s - i = 10. Calculate the highest common factor of s and 9.
9
Let b = 0 - -5. Suppose 4*o - 50 = 58. Suppose 0 = -3*i - 2*s - o + 182, s - 270 = -5*i. What is the highest common divisor of b and i?
5
Suppose -4*c - 41 = -113. What is the greatest common divisor of 126 and c?
18
Let l be ((-3)/((-9)/(-2)))/((-14)/189). Let m = 75 + -113. Let r = m + 56. Calculate the greatest common factor of l and r.
9
Let m = 185 + -81. What is the highest common divisor of 13 and m?
13
Let n = -90 + 114. What is the greatest common divisor of 6 and n?
6
Suppose 5*o - 56 = 2*a, 2*a = -2*o + 17 - 3. Let u be (60/(-18) - -3)*(-150)/2. Calculate the greatest common factor of o and u.
5
Let p = 16 - -4. Calculate the highest common factor of 4 and p.
4
Let q = 11 - 8. Suppose j - 5 = -q. What is the highest common divisor of j and 6?
2
Let a be 9*5/(10/4). Suppose 0*c + 2*t + 26 = 4*c, 2 = -2*t. What is the highest common factor of a and c?
6
Suppose -j = -0*j - 4. Suppose -j*f - 4*d = -20, 4*d = -0*f - 2*f. Let l = 26 - 16. What is the highest common factor of f and l?
10
Let l(x) = -6*x + 13. Let r be l(0). Calculate the greatest common factor of r and 65.
13
Suppose -6*a = -4 - 32. What is the highest common divisor of 54 and a?
6
Suppose 0 = j - 0*j - 18. Let m = -8 + j. Calculate the highest common factor of m and 5.
5
Suppose 54 = -5*n - 46. Let v be (-8)/n - (-148)/5. Calculate the greatest common divisor of 6 and v.
6
Suppose -160 = -4*a - 0*a. What is the greatest common factor of 5 and a?
5
Suppose d = 5*k + 10, -4*k + 4*d - 17 = -7*k. Let g(h) = -22*h**3. Let f be g(k). What is the greatest common divisor of 44 and f?
22
Let o = -7 - -10. What is the highest common factor of 9 and o?
3
Let m = 406 + -66. Let f = m - 232. What is the highest common factor of 12 and f?
12
Suppose 167 = 10*f - 163. Calculate the highest common factor of f and 66.
33
Suppose 0*c - 3*c + 30 = 0. Suppose 0 = -5*o + 3*j + 438, -5*j = o - 103 - 7. Calculate the highest common factor of o and c.
10
Let s = 76 - 11. Let l(f) = -10*f - 4. Let u be l(-3). Calculate the greatest common divisor of s and u.
13
Let q = 166 + -155. Calculate the highest common factor of 275 and q.
11
Let k = 2 + 0. Suppose k*j - 26 = -2*z, -2*z + 8 + 9 = j. What is the highest common factor of 72 and j?
9
Let x be (-37)/(-5) - 6/15. Let m be 0 + -4 + (-2 - -20). Calculate the greatest common divisor of m and x.
7
Suppose -5*l + d + 161 = -17, -4*d + 8 = 0. Calculate the greatest common divisor of l and 12.
12
Let c(q) = q**2 - 13*q + 16. Suppose 7 = 4*l - 1. Suppose -d = l*d - 36. Let h be c(d). What is the greatest common factor of 4 and h?
4
Let n = 203 + -200. What is the greatest common factor of n and 9?
3
Suppose 0 = -3*i + 5*i. Let q(t) = 22 - 2*t + 2*t + t. Let n be q(i). Calculate the highest common factor of n and 11.
11
Suppose 0 = 6*z - 5*z - 9. Calculate the highest common factor of z and 6.
3
Let h = -54 + 78. Calculate the greatest common factor of h and 36.
12
Suppose 14*j - 10 = 13*j. Let w be 3/(-6)*20/2. Let p(a) = -2*a - 5. Let f be p(w). Calculate the highest common factor of j and f.
5
Let q(c) = 2*c**2 - 4*c. Let w be q(3). Let k = -8 - -7. Let r be ((-5)/3)/(k/18). Calculate the highest common divisor of r and w.
6
Let m(h) = -h**2 + 5*h - 3. Suppose 4*t - 4*x - 28 = 0, 5*t - 25 + 8 = -x. Let y be m(t). What is the greatest common divisor of y and 2?
1
Suppose 5*f - 1 = 4. Suppose 5 = s, f = -3*g - 0*g + 5*s. What is the highest common factor of g and 40?
8
Suppose -a + 3*w = -144, 204 + 84 = 2*a + 2*w. Calculate the highest common divisor of 18 and a.
18
Suppose -b = -y - 4*b + 7, 3*b = -4*y + 55. Calculate the greatest common divisor of 2 and y.
2
Let t be 19/4 - 3/4. Suppose 5*b - 2*b = -2*z - 3, -3*b + z + 6 = 0. What is the greatest common divisor of t and b?
1
Let q be -6*4*(-3)/9. Let h(s) = s**3 - 8*s**2 + 2*s - 12. Let z be h(q). What is the greatest common factor of z and 20?
4
Let r(p) = -4*p - 22. Let g be r(-8). Calculate the highest common divisor of g and 30.
10